b - 1 - 11*b + 682*b**2 - 12*b. Let x be p(1). Let m = x - -63. Is m prime?
False
Let l(f) = f**3 + 9*f**2 - 11*f - 8. Let h be l(-10). Is (-12419)/(-33) - (h - 8/3) a prime number?
False
Suppose -i + 5*i + 3*k = 87719, -4*k - 109641 = -5*i. Is i a composite number?
False
Suppose 0 = 5*i - 2197 - 2053. Suppose -u + 1037 = 2*b - i, 1887 = u - 3*b. Suppose -422 + u = 5*y. Is y a composite number?
False
Let p = 2218 - 695. Is p composite?
False
Let j(o) = 1347*o - 547. Is j(32) prime?
True
Let y(s) = -4*s + 0*s**3 - 3*s**3 + 3*s + 0*s. Let l be y(-1). Suppose -l*i - 190 + 1386 = 0. Is i composite?
True
Suppose 6 = 2*r - 2. Suppose -22 - 170 = 3*a + 5*f, -r*a + 5*f - 221 = 0. Let h = 94 + a. Is h composite?
True
Suppose -12*z + 6*z = -4686. Is z a prime number?
False
Suppose -5*x - 126 = 2*x. Is 53812/36 + 4 + (-4)/x prime?
True
Let k = 12391 + 8026. Is k a prime number?
False
Let b(v) = -v. Let s(y) = -31*y + 13. Let d(g) = 4*b(g) - s(g). Is d(6) prime?
True
Suppose 2*r + 2*v = -1810, 5*r + 4549 = -0*r + v. Suppose -4*l + l - 858 = 0. Let j = l - r. Is j composite?
True
Suppose -10*r + 6*r - 16 = 0. Let l = r - -6. Suppose -l*x = x + 9, x = -5*w + 162. Is w composite?
True
Let i = -3563 - -6764. Suppose 0*k = -5*k + 25, k - i = -4*g. Is g composite?
True
Let i(h) = -h**2 - 11*h + 13. Let z be i(-11). Suppose 2*y - z = -5. Suppose 0 = 4*c + r - 263, -c + 2*c + y*r - 47 = 0. Is c prime?
True
Suppose 2*i = -2*z + 6*z - 10, -5*i - 15 = -5*z. Suppose -2*n - 941 = -5*s, -z*s = -5*n - 583 + 194. Is s a composite number?
True
Let t = 37 - 26. Suppose t*y = 10*y + 505. Is y a prime number?
False
Let g be 2 + -7 - -2 - -33. Suppose -2*x + g = -x. Suppose -3*u - 3 = -x. Is u prime?
False
Let k(p) = -50*p + 3. Let v(m) = -25*m + 1. Let l(c) = 3*k(c) - 7*v(c). Suppose 4*o - 17 = -5. Is l(o) composite?
True
Let m be ((-4)/(-7))/((-1)/(-7)). Suppose m*s + s = 4330. Let j = s + -233. Is j prime?
False
Suppose 0 = -u + 414 + 1006. Suppose -d + u = 4*d. Let c = d + 7. Is c a composite number?
True
Suppose 3*c = -9, -4*c = -4*x - 8*c + 259624. Is x composite?
True
Suppose 74 - 230 = -6*h. Let x = 19 - h. Let a(u) = -8*u + 11. Is a(x) prime?
True
Let f(i) = -60*i**3 - 4*i**2 - 3*i. Let z = 35 + -36. Is f(z) a composite number?
False
Suppose 60*o + 9085 = 55*o. Let z = 5802 + o. Is z a composite number?
True
Let y(g) = -21*g**3 + g + 9 + 48*g**3 - 24*g**3 + 5*g**2. Let a be y(-4). Let x = a - -166. Is x a prime number?
True
Is (3 - 3037)/(4*(-4)/8) a prime number?
False
Suppose -w + 5*f = 4, 0 = 5*f - 5. Let i(s) = s**3 + 4. Let n be i(0). Suppose w = n*u - 99. Is u composite?
True
Let h(d) = -521*d - 559*d - 3 + 235*d. Is h(-4) a composite number?
True
Is 27498/(-6)*(-6 - -5) a composite number?
False
Let u = 6973 + -4406. Is u composite?
True
Let b = 1999 + 48. Is b prime?
False
Is -4*-3*46707/36 composite?
False
Suppose 1800 = -8*m + 12*m. Is m + ((-1)/(-5) - 32/(-40)) composite?
True
Suppose 32*l - 8984 = 24*l. Is l a prime number?
True
Let k be (-129)/7 + (-3)/(-28)*4. Is 9186/27 - 5 - (-4)/k a composite number?
True
Let m = -53 + 56. Suppose 5*t = -5*p + 3335, m*t + 0*p + 2*p - 1996 = 0. Is t prime?
False
Let g = 12 - 9. Suppose 2*b = -g + 13. Let p = b + 48. Is p composite?
False
Let r(b) = -89*b - 5. Let o be r(-3). Is (o - 1) + 4/1 composite?
True
Is 6/(-87) - 658371/(-609) prime?
False
Suppose 2 = r - 4*p + 4, 3 = r + p. Suppose 0 = -r*h - 88 + 450. Is h composite?
False
Let u = 267 - 200. Let n(y) = y**2 - 8*y + 7. Let c be n(5). Let l = u + c. Is l a prime number?
True
Let t(i) = -1 + i**2 - i**3 - 2 + 0*i + 2*i. Let c = -744 - -736. Is t(c) prime?
True
Let n be (-2 - -1)/(1/(-17)) + -2. Suppose -n*v + 522 = -9*v. Is v composite?
True
Let n be 193/(-1) - (4 + -4). Let c = -2 - n. Let w = c - 60. Is w a composite number?
False
Let f = -45 - -37. Is 2*f/(-12)*(-603)/(-6) a composite number?
True
Suppose -4*z + 5021 = -5*d, 0 = -3*z + z + 3*d + 2513. Is z a composite number?
False
Let f(c) = -6*c**3 - c**2 - 2*c - 1. Let l be f(-1). Let n be 8/(-12) + 22/l. Suppose n*a - 391 = 830. Is a a prime number?
False
Let q(p) = 16*p**2 + 13*p + 1. Let k be q(8). Suppose -k - 1017 = -2*h. Is h composite?
True
Let m(o) = -48*o + 11. Let v be m(12). Let z = 330 + v. Let t = z + 392. Is t a composite number?
False
Let u(x) = -3*x**3 - 5*x**2 + x + 5. Suppose -2*i = i - 12. Suppose 2*l - 3*l = i. Is u(l) a composite number?
False
Suppose 1039 - 3101 = -2*w. Suppose -175 = -6*c + w. Is c prime?
False
Let c(t) = 1583*t - 30. Let f be c(-2). Is (7 - (-30)/(-4))/(2/f) composite?
True
Let j(p) = -6*p**3 - 3*p**2 - 2*p. Let o be j(-1). Suppose -s + o*s - 1660 = 0. Is s prime?
False
Let f(r) = 17*r + 12. Let p be f(6). Suppose -2*t + p = -20. Suppose 8*v - 3115 + t = 0. Is v composite?
True
Suppose 2*w - 3662 - 116 = 0. Let u = -838 + w. Suppose 3*t - 410 = u. Is t a prime number?
True
Suppose -2*t = -4*b - 0*t - 2, 0 = 4*b + t - 1. Is 378 + 1 - b/6 composite?
False
Let p(f) = 45*f + 5. Let n be (-232)/(-60) - 2/(-15). Suppose -5*i = -4*v - 28, 8 = n*i + 2*v + 2*v. Is p(i) a prime number?
False
Suppose 24*d = 22*d + 18. Is 204/18*d/2 a composite number?
True
Let b = 65 + -23. Suppose o + 1 = 4*r + b, -5*o - 2*r = -293. Is o composite?
True
Let d(g) = -g**3 + 8*g**2 + 7*g + 8. Let p be d(7). Let z = p - 224. Let t = 175 + z. Is t composite?
True
Let m be (((-5)/(-2))/5)/(3/6). Suppose -m = 5*y - 6, 5*y - 700 = -l. Is l a composite number?
True
Is ((-8)/20)/((-50)/6742375) composite?
False
Suppose -r = -4*q - 0*r + 18436, 4*r + 9218 = 2*q. Is q prime?
False
Let c(h) = -50*h**2 + 1. Let r be c(-1). Let d = r + 3. Let b = 45 - d. Is b composite?
True
Let y(l) = -2*l**3 - l**2 - 3*l + 5. Let d = 4 - -1. Suppose d*v - 4*o = -38, 4*o - 28 = 4*v + 2*o. Is y(v) prime?
True
Suppose 4*t - 21*t = -34. Let y = 265 - -626. Suppose d = -2*j + 339, -y = -5*d + t*j + 792. Is d a composite number?
False
Let n(c) = 5*c**2 + 5*c + 3. Let g(h) = 1. Let z(x) = 4*g(x) + n(x). Let y be z(5). Let p = y - -108. Is p a composite number?
True
Suppose 2*b + 5*a = 46961, 4*b - 9*b + a + 117416 = 0. Is b a prime number?
False
Let i be (6 - 3)/(6/16). Suppose 4*u - i = 2*u, -4*b + 3*u = 12. Suppose -3*o + 171 = -b. Is o composite?
True
Let u(d) = 26*d**2 + 6*d + 6. Let p be u(-4). Suppose -p = -4*c + 342. Is c a prime number?
False
Suppose 4*q - 2*t + 4 = 0, -6*t = -4*q - 11*t + 10. Suppose o - 2*o + 1140 = q. Let n = -583 + o. Is n a prime number?
True
Let u = 44161 - 15812. Is u a composite number?
False
Let p(r) = 50*r**2 + 12*r - 39. Is p(-16) a composite number?
False
Let o(z) = -3*z**2 - 12*z + 16. Let w be o(-5). Is (-18)/72 - ((-141)/4)/w a composite number?
True
Suppose y + 794 + 34549 = 5*b, -4*y - 28268 = -4*b. Is b composite?
False
Let m(u) = -67*u - 11. Let h be m(-2). Let z = 10 + 58. Let g = z + h. Is g a composite number?
False
Suppose -5*m = 124 - 34. Let s(f) = -8*f + 17. Is s(m) prime?
False
Let i(k) = -32*k**3 + 7*k**2 - 13*k - 75. Is i(-10) a composite number?
True
Suppose -18332 = -f + 3*z, 5*f + 3*z - 20191 - 71559 = 0. Is f prime?
False
Let c = -2194 + 3675. Is c prime?
True
Let t = 2 + -2. Suppose t = -3*f + 412 + 665. Is f prime?
True
Let n = 117 - 113. Suppose i - 418 = 759. Suppose n*w = i + 171. Is w prime?
True
Suppose 5*q + 11 = 2*w, w = 2*w + 2*q - 1. Suppose -x - w*x = 32. Is x/(-4) + 1 + 376 a prime number?
True
Let s(v) = 10*v**2 - 17*v - 382. Is s(-39) a composite number?
True
Suppose -8*l + 4*l = 0. Suppose -p - 3*t = -3*p, -4*p + t = l. Suppose y + y - 5*u = 1516, 5*u - 10 = p. Is y composite?
True
Let w(c) = 9*c**3 + c**2 - 58*c + 43. Is w(13) a prime number?
True
Suppose 212*p - 221*p = -34353. Is p prime?
False
Let z be (2/3 + 1)*9. Let c = z - 10. Suppose 1059 = c*d - 256. Is d prime?
True
Let m be 402 + (2 + -3)*-1. Let o be m + -1*(-2 + 3). Suppose -l = l - o. Is l composite?
True
Suppose -3*b - x + 45649 = -3*x, 0 = 5*x - 5. Is b prime?
True
Let x = 21 + -8. Is (x/(-13))/((-1)/1165) a prime number?
False
Is -3*(-18)/(-189) + 3126/14 prime?
True
Let b(s) = -57*s + 8. Let w(p) = -2*p + 15. Let u be w(11). Let l be 75/u - 30/105. Is b(l) a composite number?
True
Let f(c) = 947*c + 86. Is f(3) a composite number?
False
Is (-1423070)/(-102) - 4/6 a composite number?